{"id":301,"date":"2018-06-07T10:53:51","date_gmt":"2018-06-07T10:53:51","guid":{"rendered":"https:\/\/envothemes.com\/envo-multipurpose-kingcomposer\/portfolio-1\/"},"modified":"2019-02-05T07:10:26","modified_gmt":"2019-02-05T07:10:26","slug":"julie","status":"publish","type":"page","link":"http:\/\/goldengel.ch\/love\/julie\/","title":{"rendered":"Tschulai alias Julie"},"content":{"rendered":"<p>Ein zielstrebiges M\u00e4del, f\u00e4hig an Klavier, Gitarre und mit Kindern. Hat es geschafft in all dem Chaos zu Hause ein eigenes aufger\u00e4umtes Reich zu schaffen. Mag Tiere, isst vegetarisch und kocht selber.<\/p>\n<p><img loading=\"lazy\" class=\"alignnone size-medium wp-image-370\" src=\"http:\/\/goldengel.ch\/love\/wp-content\/uploads\/2019\/02\/Screenshot_20190203-135140-220x300.jpg\" alt=\"\" width=\"220\" height=\"300\" srcset=\"http:\/\/goldengel.ch\/love\/wp-content\/uploads\/2019\/02\/Screenshot_20190203-135140-220x300.jpg 220w, http:\/\/goldengel.ch\/love\/wp-content\/uploads\/2019\/02\/Screenshot_20190203-135140.jpg 706w\" sizes=\"(max-width: 220px) 100vw, 220px\" \/><\/p>\n","protected":false},"excerpt":{"rendered":"<p>Ein zielstrebiges M\u00e4del, f\u00e4hig an Klavier, Gitarre und mit Kindern. Hat es geschafft in all dem Chaos zu Hause ein&hellip;<\/p>\n","protected":false},"author":1,"featured_media":370,"parent":0,"menu_order":0,"comment_status":"closed","ping_status":"closed","template":"","meta":{"spay_email":""},"yoast_head":"<!-- This site is optimized with the Yoast SEO plugin v16.0.2 - https:\/\/yoast.com\/wordpress\/plugins\/seo\/ -->\r\n<title>Tschulai alias Julie - Goldengel<\/title>\r\n<link rel=\"canonical\" href=\"http:\/\/goldengel.ch\/love\/julie\/\" \/>\r\n<meta property=\"og:locale\" content=\"de_DE\" \/>\r\n<meta property=\"og:type\" content=\"article\" \/>\r\n<meta property=\"og:title\" content=\"Tschulai alias Julie - Goldengel\" \/>\r\n<meta property=\"og:description\" content=\"Ein zielstrebiges M\u00e4del, f\u00e4hig an Klavier, Gitarre und mit Kindern. Hat es geschafft in all dem Chaos zu Hause ein&hellip;\" \/>\r\n<meta property=\"og:url\" content=\"http:\/\/goldengel.ch\/love\/julie\/\" \/>\r\n<meta property=\"og:site_name\" content=\"Goldengel\" \/>\r\n<meta property=\"article:modified_time\" content=\"2019-02-05T07:10:26+00:00\" \/>\r\n<meta property=\"og:image\" content=\"http:\/\/goldengel.ch\/love\/wp-content\/uploads\/2019\/02\/Screenshot_20190203-135140.jpg\" \/>\r\n\t<meta property=\"og:image:width\" content=\"706\" \/>\r\n\t<meta property=\"og:image:height\" content=\"961\" \/>\r\n<meta name=\"twitter:card\" content=\"summary_large_image\" \/>\r\n<script type=\"application\/ld+json\" class=\"yoast-schema-graph\">{\"@context\":\"https:\/\/schema.org\",\"@graph\":[{\"@type\":\"WebSite\",\"@id\":\"https:\/\/goldengel.ch\/love\/#website\",\"url\":\"https:\/\/goldengel.ch\/love\/\",\"name\":\"Goldengel\",\"description\":\"Familie, Liebe, Technik\",\"potentialAction\":[{\"@type\":\"SearchAction\",\"target\":\"https:\/\/goldengel.ch\/love\/?s={search_term_string}\",\"query-input\":\"required name=search_term_string\"}],\"inLanguage\":\"de\"},{\"@type\":\"ImageObject\",\"@id\":\"http:\/\/goldengel.ch\/love\/julie\/#primaryimage\",\"inLanguage\":\"de\",\"url\":\"http:\/\/goldengel.ch\/love\/wp-content\/uploads\/2019\/02\/Screenshot_20190203-135140.jpg\",\"width\":706,\"height\":961},{\"@type\":\"WebPage\",\"@id\":\"http:\/\/goldengel.ch\/love\/julie\/#webpage\",\"url\":\"http:\/\/goldengel.ch\/love\/julie\/\",\"name\":\"Tschulai alias Julie - Goldengel\",\"isPartOf\":{\"@id\":\"https:\/\/goldengel.ch\/love\/#website\"},\"primaryImageOfPage\":{\"@id\":\"http:\/\/goldengel.ch\/love\/julie\/#primaryimage\"},\"datePublished\":\"2018-06-07T10:53:51+00:00\",\"dateModified\":\"2019-02-05T07:10:26+00:00\",\"breadcrumb\":{\"@id\":\"http:\/\/goldengel.ch\/love\/julie\/#breadcrumb\"},\"inLanguage\":\"de\",\"potentialAction\":[{\"@type\":\"ReadAction\",\"target\":[\"http:\/\/goldengel.ch\/love\/julie\/\"]}]},{\"@type\":\"BreadcrumbList\",\"@id\":\"http:\/\/goldengel.ch\/love\/julie\/#breadcrumb\",\"itemListElement\":[{\"@type\":\"ListItem\",\"position\":1,\"item\":{\"@type\":\"WebPage\",\"@id\":\"https:\/\/goldengel.ch\/love\/\",\"url\":\"https:\/\/goldengel.ch\/love\/\",\"name\":\"Home\"}},{\"@type\":\"ListItem\",\"position\":2,\"item\":{\"@type\":\"WebPage\",\"@id\":\"http:\/\/goldengel.ch\/love\/julie\/\",\"url\":\"http:\/\/goldengel.ch\/love\/julie\/\",\"name\":\"Tschulai alias Julie\"}}]}]}<\/script>\r\n<!-- \/ Yoast SEO plugin. -->","jetpack_sharing_enabled":true,"jetpack_shortlink":"https:\/\/wp.me\/PaGTHp-4R","_links":{"self":[{"href":"http:\/\/goldengel.ch\/love\/wp-json\/wp\/v2\/pages\/301"}],"collection":[{"href":"http:\/\/goldengel.ch\/love\/wp-json\/wp\/v2\/pages"}],"about":[{"href":"http:\/\/goldengel.ch\/love\/wp-json\/wp\/v2\/types\/page"}],"author":[{"embeddable":true,"href":"http:\/\/goldengel.ch\/love\/wp-json\/wp\/v2\/users\/1"}],"replies":[{"embeddable":true,"href":"http:\/\/goldengel.ch\/love\/wp-json\/wp\/v2\/comments?post=301"}],"version-history":[{"count":2,"href":"http:\/\/goldengel.ch\/love\/wp-json\/wp\/v2\/pages\/301\/revisions"}],"predecessor-version":[{"id":511,"href":"http:\/\/goldengel.ch\/love\/wp-json\/wp\/v2\/pages\/301\/revisions\/511"}],"wp:featuredmedia":[{"embeddable":true,"href":"http:\/\/goldengel.ch\/love\/wp-json\/wp\/v2\/media\/370"}],"wp:attachment":[{"href":"http:\/\/goldengel.ch\/love\/wp-json\/wp\/v2\/media?parent=301"}],"curies":[{"name":"wp","href":"https:\/\/api.w.org\/{rel}","templated":true}]}}